 c(o) = 7*o + 33. Let r be c(-6). Let n(l) = -3*l**3 + l**2 + 4*l - 29. Is n(r) prime?
True
Let u = 989 - 2245. Suppose -2*f + 3986 = 236. Let h = u + f. Is h composite?
False
Let k(p) = 271*p**3 + 5*p**2 - 6*p - 27. Let o be k(6). Let m = o - 23458. Is m a composite number?
True
Let o = 612 - 590. Suppose 35*n - o*n - 2119 = 0. Is n a composite number?
False
Let q = 75 - 127. Is ((-13422)/8)/(39/q) prime?
True
Suppose -66*o + 84 = -52*o. Suppose -2*i - 4 = -z - 5, 3*z = -9. Is (i/o)/((-1)/201)*34 a composite number?
True
Suppose 0 = 17*z - 7*z - 347830. Let d = -3020 + z. Is d prime?
False
Let p(b) = 196311*b**2 - 12*b + 17. Is p(4) composite?
True
Suppose 4*l + d = 205, 0 = -41*l + 45*l + 2*d - 206. Is l a prime number?
False
Let n be -1 + (-68823)/21 - 2/(-7). Let z = -923 - n. Suppose -u + z = 2*u. Is u prime?
False
Suppose -590950 = -5*a - 8*m + 13*m, 0 = 3*a - 2*m - 354569. Is a prime?
True
Let y(q) = -q**3 - 4*q + 5. Let w be y(1). Suppose 9*g + 5*g - 76286 = w. Is g a prime number?
True
Is (252/294)/((90/(-2609418))/(-5)) prime?
False
Let u(s) = 29*s + 33. Let w be u(5). Is w*66 - (1 - 6 - -4) a composite number?
True
Let v(a) = 62*a + 15. Let s be v(16). Suppose -27355 = 1002*i - s*i. Is i a prime number?
True
Let b = 10872 - 3278. Is b a prime number?
False
Suppose 0 = -3*t + 15 + 15. Let n(r) = 98*r - 21. Let v(p) = 6*p - 1. Let i(b) = n(b) - 14*v(b). Is i(t) composite?
True
Let d(r) = 55*r**2 + 35*r - 11. Suppose 3*s - 22*s = 114. Is d(s) a composite number?
False
Let u be 10/25 - (-44)/(-10). Let k be ((-48)/u)/3 - 73. Let z = 22 - k. Is z prime?
False
Let k = -5569 - 2722. Let b = k - -17104. Is b prime?
False
Let i be 1*68/12*3. Let d(o) = 1 + 21*o**2 + 7*o + 13*o - i*o. Is d(5) prime?
True
Let i(m) be the second derivative of -16103*m**5/20 - m**4/6 + m**2 + 5*m + 7. Is i(-1) a prime number?
True
Let j = 51760 + -28843. Suppose -216*q = -219*q + j. Is q composite?
False
Let d(h) = -3*h - 39. Let j be d(-14). Suppose 4*x = -3*g - 15, 0 = -4*x + 5*g + j + 22. Is 2 + x + 569 + 12 prime?
False
Let u(a) be the first derivative of -27*a**2 - 15. Let g be u(-11). Let y = g - 283. Is y composite?
False
Let t(f) = -f**3 - 35*f**2 + 2*f + 46. Let w(m) = m**3 + 52*m**2 - 3*m - 69. Let o(c) = 8*t(c) + 5*w(c). Is o(-8) prime?
True
Suppose 0 = -2*v + 5*x + 15, 2*x - 1 + 7 = -2*v. Suppose v = -2*y + 4*r + 507 + 1509, -5*y + 5012 = -3*r. Let q = y - -949. Is q a composite number?
False
Let z(v) = 761*v - 42. Let m be (0 + -4 - -3)*(1 + -6). Is z(m) composite?
True
Suppose -6867 = 13*t + 8*t. Let c = t - -1808. Is c a prime number?
True
Let w = -22 + 59. Let x be 4/(-5) - (-130112)/40. Suppose -x = -41*m + w*m. Is m a composite number?
True
Suppose -30 + 45 = 5*v. Suppose 4*m - v*a = 2246, m + 2*a - 624 = -57. Is m a prime number?
True
Suppose 246*l - 101566168 = -31550386. Is l a prime number?
False
Let t(g) = g**3 - 8*g**2 - 3*g - 49. Let s be t(9). Let z(x) = 567*x - 16. Is z(s) prime?
True
Let t(l) = 3*l**3 + 18*l**2 - 18*l + 35. Let b(p) = -11*p**3 - 54*p**2 + 53*p - 104. Let a(n) = -2*b(n) - 7*t(n). Is a(20) a composite number?
False
Let p(v) = 4*v**2 + 7*v - 4. Let u be p(-3). Is 1693 + (-6 - (5 - u)) a prime number?
True
Let z = -595764 + 878815. Is z prime?
True
Let t be 744 + (-4)/(0 + 0 + -1). Suppose t = 13*m - 9*m. Is m composite?
True
Suppose -13165944 - 22818585 - 6498437 = -34*g. Is g prime?
True
Suppose 137*t - 218*t = -294921. Is t a composite number?
True
Suppose 38*g - 33*g = 4285. Suppose 3345 = 5*p - 5*n, 0 = -5*p - 2*n + 4195 - g. Let o = -467 + p. Is o a prime number?
False
Let u(k) = -k**2 - 9*k + 13. Let l be 10/(-2)*1*2. Let y be (-4 + 6)/(4/l). Is u(y) composite?
True
Suppose 15*k - 1414338 = 1816017. Is k a composite number?
True
Suppose -3*j = -21*g + 18*g - 525, -g + 4*j - 175 = 0. Let w(x) = 100*x - 6. Let z be w(-5). Let d = g - z. Is d prime?
True
Let n(g) = -2*g**2 + 6*g + 16. Suppose 15*p - 12*p - 21 = 0. Let m be n(p). Let s = m + 47. Is s a prime number?
True
Suppose 19166 - 5528 = 6*w. Suppose 0 = 5*g + s - w, -5*s + 469 = g - 0*s. Suppose 12*k = -10 + g. Is k composite?
False
Suppose 0 = -6*q + 4*q - 3*s - 35, -q = -3*s + 4. Is (-1)/(q/65) - -1*11896 a composite number?
True
Let m(v) = v**3 + 12*v**2 - 6. Suppose z = -q - 14, 4*q + 4 = 3*q + z. Let i be m(q). Suppose -4*o - i = -1729. Is o a prime number?
True
Let q(j) = -675*j + 469. Let v be q(-33). Suppose 13305 + v = 13*i. Is i composite?
True
Let d be 16839/(-4) + 20/(-16) + 1. Let v = 7737 + d. Suppose -522 = -w + v. Is w a composite number?
False
Let q(n) = 49*n**2 - 9*n - 71. Suppose 15*b = 17*b + 12. Is q(b) prime?
True
Let n = -4819 - -8360. Let y = n - -1504. Is (y/10)/((-3)/(-6)) a composite number?
False
Suppose 96*l - 105*l + 81 = 0. Suppose 4*b - 5*z - 48861 = 0, 0 = l*z - 4*z - 15. Is b prime?
False
Suppose 0 = 110*n - 159333798 - 120960172. Is n composite?
False
Is 11/(-2) - 1/(-2) - (46 - 363710) a prime number?
True
Let w = 17306 + 64505. Is w composite?
True
Suppose 18*o = o + 216206. Suppose -3*n + 4*n - k = o, 3*n - 38114 = -5*k. Is n prime?
True
Let q be -1*62/2 - (-8 - -5). Let t = 23 + q. Is (-12)/(-3) + t - -48 a composite number?
False
Let h(c) be the third derivative of c**3 + 0*c - 1/2*c**4 + 0 + 1/12*c**5 - 6*c**2. Is h(-9) composite?
True
Let z(f) = 589*f + 49. Let g(t) = -591*t - 52. Let s(y) = 5*g(y) + 6*z(y). Is s(25) a prime number?
False
Let y = 245 - 158. Suppose y*z - 89*z + 12834 = 0. Suppose -6*h + 15*h - z = 0. Is h a composite number?
True
Let b = -257 - -975. Suppose -b = f - 2369. Is f a composite number?
True
Let r(v) = v**3 + 14*v**2 + 14*v + 33. Let j be r(-8). Suppose 0 = -322*q + j*q + 179503. Is q prime?
True
Suppose 5*q - 103180 = -5*p, 10452 = q - 5*p - 10178. Is q prime?
False
Let k = -230 - 246. Is (-136)/k + 17160/14 composite?
True
Suppose 14*n - 21*n = -69*n + 33556756. Is n prime?
False
Suppose -7*j - 3*j = -1520. Let h = j + 29. Let g = 402 + h. Is g prime?
False
Suppose 55*d + 5729736 - 12610270 = 5018551. Is d a composite number?
False
Suppose 0*t + 5*t + 3*q - 4725 = 0, -4*t - 5*q + 3767 = 0. Suppose -4*b + 2*c + 233 = 221, 0 = b + 5*c + 8. Suppose -t - 2558 = -b*v. Is v a composite number?
False
Let y(h) = -h**3 + 14*h**2 - 101*h + 95. Is y(-31) a prime number?
True
Let v = 14329 - 597. Suppose 0 = 29*m - 99485 + v. Is m a composite number?
False
Suppose 5*o + 4*m - 13622 = 0, 11*o - 3*m - 13601 = 6*o. Is o/((-98)/(-21) + (-6 - -2)) composite?
True
Let j(h) = -165*h - 1. Let v(t) = 82*t + 1. Let q(d) = -2*j(d) - 5*v(d). Let c = -3 + -2. Is q(c) composite?
False
Suppose -71*p + 74138460 - 462988 = 137*p. Is p composite?
False
Let a be (405/12)/((-9)/96). Suppose 4*t = 5*w + 2963, 863 = -3*w - 5*t - 937. Let l = a - w. Is l a prime number?
False
Let s(g) = -g**3 - 14*g**2 - 8*g - 54. Let i be s(-15). Let y = -12 - 68. Let n = i + y. Is n a composite number?
False
Suppose 2*b + 4*x - 8 - 14 = 0, 0 = -4*b - 2*x + 20. Let h be -4 + ((4 - b) + -197 - -1). Let p = h - -4920. Is p a prime number?
True
Suppose 2*y = 5*w + 148447, 41*y - 44*y + 3*w + 222684 = 0. Is y a composite number?
False
Is (-15284)/(-6)*-5*231/(-110) a composite number?
True
Let w be 1 - 11/((-66)/18). Suppose -2*z - w*d + 41466 = 0, -4*z + 0*d + 82977 = -d. Is z prime?
True
Suppose -10*o + 171073 = -118477. Is o a prime number?
False
Is -2434*21/(-2) + ((-99)/(-11) - 5) a composite number?
False
Suppose -52 = -4*l - 2*y, -30*l + 4*y = -32*l + 44. Let t = -17 - -24. Suppose -6*p = -t*p + l. Is p prime?
False
Suppose 6*p = 387 - 27. Is 2707/5 - ((-156)/p - -3) a composite number?
False
Let t = 132 - 248. Let j = -112 - t. Suppose -2*c - c - a + 46 = 0, 0 = -5*c - j*a + 79. Is c prime?
False
Let w be -4*((-84)/16 - -4). Suppose 0*g - w*g + 36215 = 0. Is g prime?
True
Let p = -271932 + 503711. Is p prime?
True
Let y(i) be the first derivative of -118*i**2 - 29*i + 123. Is y(-7) composite?
True
Suppose 5*p = -0*k - 2*k + 31, 4*p - 4*k = 8. Suppose -26 + 36 = p*q. Suppose 2*r + 24450 = 4*n - 2922, 34197 = 5*n + q*r. Is n a prime number?
True
Is (16444/20)/((-1)/(-325)*5) composite?
True
Let f = -1871 + 1331. Let h be (-3)/(-18)*4*(f - 0). Let c = 133 - h. Is c a composite number?
True
Is (92874/(-207))/(8/(-1644)) a prime number?
